2309. Suppose -c*j - 3*j = -x. What are the prime factors of j?
11, 17
Suppose -h - 3*x + 2623 = 0, 4*h - 10506 = 5*x - 10*x. What are the prime factors of h?
11, 239
Suppose -4*u + 0 = y - 10, -5*y + u - 13 = 0. Let n be 186 + y/3 + (-20)/6. Let t = n - 98. List the prime factors of t.
2, 3, 7
Let h = 100093 + -39465. List the prime factors of h.
2, 23, 659
Let x = -73 + 57. Let m be (-6)/(-15) - (1 - (-4041)/15). Let u = x - m. List the prime factors of u.
2, 127
Let s(g) = g**3 - 8*g**2 + 13*g - 2. Let b be s(6). Suppose 0 = -2*u + b*p - 10, -p + 30 = 2*u + 3*u. Suppose 0*j = u*j - 180. List the prime factors of j.
2, 3
Let j(m) = 541*m + 678. What are the prime factors of j(44)?
2, 12241
Let u(b) be the second derivative of -1/2*b**2 + 0 - 17*b + 0*b**3 + 43/12*b**4. What are the prime factors of u(-1)?
2, 3, 7
Suppose -42*g = -2*v - 40*g + 16094, 0 = -5*v - 5*g + 40265. List the prime factors of v.
2, 5, 7, 23
Let b(u) be the third derivative of 11*u**4/24 + 20*u**3/3 + 37*u**2 + u. What are the prime factors of b(20)?
2, 5, 13
Let c = 1421 + 432. Suppose -c = -27*u + 307. List the prime factors of u.
2, 5
Suppose 49 - 13 = 3*g. What are the prime factors of g/(3 - 7) - (-296)/1?
293
Suppose -3*g + 71706 = 2*l, -l = 4*g - 2619 - 33214. List the prime factors of l.
3, 5, 797
Suppose 103*t - 1399280 = 3088224. What are the prime factors of t?
2, 7, 389
Let a(f) = f**3 - 12*f**2 + f + 122. Let p be a(11). Let b(z) be the first derivative of 7*z**2/2 - 8*z - 1. What are the prime factors of b(p)?
2, 19
What are the prime factors of (9 - (-413)/(-42)) + 1533385/30?
2, 6389
Let o(h) = h**2 + 20*h - 48. Let c be o(-23). Suppose -50*w = -c*w - 16443. List the prime factors of w.
3, 7
Suppose 7*j - 6*j - 67*j = -1015080. List the prime factors of j.
2, 5, 769
Let u(z) = 173*z + 239 - 28 + z**2 - 189*z. What are the prime factors of u(0)?
211
Let b = 222108 + -125099. What are the prime factors of b?
11, 8819
Suppose -763 = 101*s - 157. Let y(b) = b - 7. Let n be y(5). Let t = n - s. What are the prime factors of t?
2
What are the prime factors of -3 - ((-9)/2*(-10)/15 - 967)?
31
Suppose 10*i = -16*i - 156. Let q(c) = c + 150. What are the prime factors of q(i)?
2, 3
Suppose -178*q + 499284 = -70*q. List the prime factors of q.
3, 23, 67
Let k(r) = -r**3 - r + 1646. What are the prime factors of k(0)?
2, 823
What are the prime factors of ((-80)/8)/1 - (-7568 - -7)?
3, 839
Let i be (-928)/(-20)*(-5)/(-2). Suppose -3*t + 49 + i = -2*y, 0 = -5*t - 3*y + 294. List the prime factors of t.
3, 19
Let i(x) = -3*x**2 - 668*x - 1259. List the prime factors of i(-139).
2, 3, 5, 19, 59
Let d = -21 + 27. List the prime factors of (1 - (-3740)/16)/(d/8).
313
Suppose -115*b + 1755498 = -46*b. What are the prime factors of b?
2, 12721
Let i(c) = c**2 + 8*c + 14. Let g be i(-9). Let x = g - 14. Suppose 4*h = x + 135. What are the prime factors of h?
2, 3
Let w be (-18)/(-63) - (-26)/7. Suppose -w*j + 199 = -145. Let s = -16 + j. List the prime factors of s.
2, 5, 7
Suppose -18 = 4*s + i + 123, -5*i = -4*s - 135. Let q = 1 - s. What are the prime factors of (-2)/(-8) + 4563/q?
127
Suppose 0 = 52*p - 16961 - 281415. List the prime factors of p.
2, 19, 151
Suppose 5*x - 224302 - 30512 = -2*l, 4*l = -32. List the prime factors of x.
2, 17, 1499
Suppose -1539036 = -96*u - 98*u - 179096. List the prime factors of u.
2, 5, 701
Let a = 14 + 450. Suppose -10*s + 9104 = a. List the prime factors of s.
2, 3
Suppose -3*z = -0*z - 6. Let t = -29318 - -29316. What are the prime factors of (t/(1 - 648/645))/z?
5, 43
Let d = 268 - 266. List the prime factors of ((-4808)/16)/((-1)/d).
601
What are the prime factors of ((1 - 3) + (-8)/(-3))*(-6853497)/(-938)?
4871
Suppose -14 + 10 = -2*v. Let k be (195/10 - v)*24. Suppose -5*c = -i + 96, -5*i + 4*c + c + k = 0. List the prime factors of i.
3
Suppose 3*t - t = -3*d + 67, 2*d + 5*t = 41. Suppose -2*u = 5*r - 22, 5*u - d + 1 = 4*r. Suppose -u*m + 138 = -3*m. List the prime factors of m.
2, 23
Let r(n) = 52*n - 19*n - 9 + 5*n**2 + 3. Let m = 333 - 343. List the prime factors of r(m).
2, 41
Suppose -99*o = -101*o + 8. What are the prime factors of ((-40)/(-32) - -4)*o?
3, 7
Suppose 72383 = 3*v + 5*s, -27*v + 5*s = -26*v - 24081. What are the prime factors of v?
2, 6029
Suppose 2*b + 10 = 3*k + 296, -254 = -2*b - 5*k. Let d = -31 + b. What are the prime factors of d?
2, 53
Let f(j) = 65*j**2 + 86*j + 691. What are the prime factors of f(-14)?
12227
Let u(z) = 45*z**2 - 18*z - 4. Let c(k) = -6 + 9*k - 3 - 22*k**2 + 11. Let h(g) = 7*c(g) + 4*u(g). List the prime factors of h(3).
5, 41
Let q(v) = 274*v - 33. Let p be q(-8). Let i = -1399 - p. List the prime factors of i.
2, 7, 59
Suppose -5*l = -2*l - 6. Let d(a) be the third derivative of 23*a**5/20 - a**4/3 + 5*a**3/2 + 467*a**2 + 2*a - 2. What are the prime factors of d(l)?
5, 11
Let b = 226 + 114. Suppose -1216 = -4*q + 2*u, q - 6*q - 4*u = -1533. Suppose -b = -4*j + g, -5*j + q + 129 = g. What are the prime factors of j?
2, 43
Let b = -604 + 608. Suppose -w = 2*j - 1179, b*w - 2197 - 163 = -4*j. List the prime factors of j.
19, 31
Suppose 74 = 7*j - 3*j - 3*f, 0 = 2*f - 4. Suppose 4*i = -j, -7*z + 2066 = -5*z + 2*i. What are the prime factors of z?
2, 3, 173
Suppose 4*y + 5*z = 19, 4*y - 2 = 5*z + 27. Suppose -27*c = -24*c - y. List the prime factors of (-175 - -2)/(c - 3) - 4.
13
Let t(a) = -14*a**2 + 7*a - 6. Let s be t(-7). Let f be s/(-2) + (-45)/30. Suppose f = 12*d - 1815. What are the prime factors of d?
2, 7, 13
Let y = 106 - 106. Suppose 5*l + 3*s - 29 = y, 0 = 5*l - 0*s + 4*s - 32. Suppose -l*t = 3*g - 52, -5*g = -g - 4*t - 88. List the prime factors of g.
2, 5
Let k = 8775 - -6805. List the prime factors of k.
2, 5, 19, 41
Suppose -16*q + 156539 = -13*q + 2*w, -3*w - 156534 = -3*q. List the prime factors of q.
3, 17393
Suppose -4*n + 13980 = 4*k, 8*k - 12 = 12*k. List the prime factors of n.
2, 3, 11, 53
Suppose 8 = 4*v + 16. Let o be (2 - 1006) + v + -2. What are the prime factors of (2/4)/((-28)/o)?
2, 3
Suppose j - 1526 = -3*c, 5*c - 6097 = -4*j - 0*j. Let w = j - 762. What are the prime factors of w?
761
Suppose 38*c - 287750 + 64978 = 314776. List the prime factors of c.
2, 11, 643
Suppose -2*d - z + 13945 = -13029, 3*d = -z + 40462. What are the prime factors of d?
2, 3, 281
Suppose -15 = 5*i, 0 = 3*l + 3*i - 6893 - 16141. Suppose 31702 = 17*r + l. List the prime factors of r.
3, 157
Let s = 406 + -409. What are the prime factors of (-108)/(((-4)/8 - -1)/s)?
2, 3
Let h be (-3 + (-180)/(-8))*(-8)/(-3). Let k = h + -49. Suppose 0 = k*g - 38 - 574. What are the prime factors of g?
2, 3, 17
Suppose -122536 = -4*o - 2*s, 16767 + 13861 = o + 2*s. What are the prime factors of o?
2, 3, 23, 37
Let k(y) = y**2 + 1. Let d(c) = -81*c**2 - 6*c - 22. Let g(w) = -d(w) - 6*k(w). What are the prime factors of g(-3)?
673
Let c = -1625 - -7623. List the prime factors of c.
2, 2999
Suppose -1863*r + 8601 = -1816*r. Let f = 683 - -409. Suppose r + f = 5*h. What are the prime factors of h?
3, 5, 17
Suppose 230*t = 231*t + a - 48840, -5*t = 4*a - 244201. What are the prime factors of t?
13, 17
Let r be (-5)/(-1) - (-3 - -9). Let i(n) = 48*n - 9. Let q(w) = 2. Let y(s) = r*i(s) - q(s). What are the prime factors of y(-1)?
5, 11
Suppose 3*d = 3*u + 5280, 5*u - 683 = -3*d + 4581. List the prime factors of d.
2, 3, 293
Let m(j) = -218*j - 4608. What are the prime factors of m(-58)?
2, 7, 41
Let l = 38199 + -3512. What are the prime factors of l?
34687
Let c = -2357 - -1290. Let n = c + 2332. What are the prime factors of n?
5, 11, 23
Let q(x) = 306*x + 105. Let d(k) = k**3 - 4*k**2 + 2*k - 3. Let s be d(4). What are the prime factors of q(s)?
3, 5, 109
Let p(j) = 0*j + 0*j - 193 + 207 + j. What are the prime factors of p(25)?
3, 13
Suppose 0 = f - 388 - 260. Suppose 0 = -5*o + 3*q - 79 + f, 4*o = -2*q + 464. Let n = o + -51. List the prime factors of n.
2
What are the prime factors of (-386)/772 + (-130469)/(-2)?
2, 13, 193
Let f = 72382 - 41808. List the prime factors of f.
2, 15287
Let y(w) = -w - 8. Let i be y(5). Let v = 13 + i. Suppose v = 4*s + 3*l - 34, 2*s - 7*s + 45 = 5*l. What are the prime factors of s?
7
Let b be 322/77 + (-4)/22. Suppose 0 = b*w - 10 - 2. Suppose 19 - 2 = 2*k +